 base 15, what is -5 - c3a?
-c40
In base 7, what is -2 + 10150603?
10150601
In base 3, what is 12 - -11200122202?
11200122221
In base 16, what is -2c8d - -4?
-2c89
In base 6, what is -55 + 50145?
50050
In base 8, what is 20131 - -5?
20136
In base 9, what is 6 + -20888?
-20882
In base 10, what is -89 + 1296?
1207
In base 3, what is 12001 - 12110?
-102
In base 13, what is -168 + 47?
-121
In base 3, what is 111220212 + -1?
111220211
In base 2, what is -1001110 + -111001101010?
-111010111000
In base 15, what is -125e + 44?
-121a
In base 10, what is 11346 - -4?
11350
In base 4, what is -213330000 + 3?
-213323331
In base 5, what is 3321 - 323433?
-320112
In base 3, what is 1 + 121110222?
121111000
In base 12, what is 19 - -1a04?
1a21
In base 5, what is -1 + 314332?
314331
In base 16, what is 515b + -5?
5156
In base 7, what is 5 - -205115?
205123
In base 6, what is 224042 + 21?
224103
In base 2, what is -1 - -1001110110100010111?
1001110110100010110
In base 10, what is 16 + 9302?
9318
In base 6, what is 10303 + 21?
10324
In base 2, what is 11100100011011 - -101100?
11100101000111
In base 15, what is -2 + 10686?
10684
In base 12, what is 227454 + 5?
227459
In base 15, what is b - -7b8?
7c4
In base 12, what is -66aa3 + 1?
-66aa2
In base 16, what is -e2 - 7f91?
-8073
In base 13, what is 3 + 22518?
2251b
In base 8, what is -1660220 + -2?
-1660222
In base 14, what is 5 + 5d521?
5d526
In base 2, what is -100101001011101100011 + 0?
-100101001011101100011
In base 7, what is 5 - -50333?
50341
In base 2, what is 110101010101000011110 - 10?
110101010101000011100
In base 9, what is -3573 - 4?
-3577
In base 6, what is -345 + -20413?
-21202
In base 7, what is -1 + 45141?
45140
In base 5, what is -114 - 133?
-302
In base 4, what is 201 - -110120?
110321
In base 12, what is -28 + -2618?
-2644
In base 4, what is 32132022032 - -2?
32132022100
In base 9, what is 564 - 1574?
-1010
In base 6, what is 325 - 23403?
-23034
In base 3, what is 10 + 11120211021?
11120211101
In base 15, what is 181 + -a8?
c8
In base 13, what is -50 + -16c9?
-1749
In base 14, what is -b8ca - -1b?
-b8ad
In base 8, what is -45625 + -14?
-45641
In base 13, what is 1 + -16703b?
-16703a
In base 3, what is -12221220 + 11202?
-12210011
In base 6, what is 103300552 - 2?
103300550
In base 2, what is -11110000001000 - -1010?
-11101111111110
In base 11, what is 45 - -3223?
3268
In base 7, what is -32010 + -2?
-32012
In base 6, what is -154154414 - -3?
-154154411
In base 10, what is 2 - -1356023?
1356025
In base 11, what is -1a5 - 1383?
-1578
In base 11, what is -11 + -122646?
-122657
In base 15, what is 5 + 86630?
86635
In base 4, what is -101300212 + 2?
-101300210
In base 5, what is -31103322 - -1?
-31103321
In base 8, what is -1405 - 1266?
-2673
In base 4, what is 1300201 - -131?
1300332
In base 16, what is -54 + -457?
-4ab
In base 6, what is 454 - -12020?
12514
In base 12, what is 8 - 2b77?
-2b6b
In base 13, what is -647379 + -5?
-647381
In base 8, what is 44 - -2216?
2262
In base 14, what is -23d8 - 9?
-2403
In base 16, what is -5 - -1964?
195f
In base 15, what is ac78 + -4?
ac74
In base 4, what is 13 + -10210?
-10131
In base 5, what is -4 - 13304441?
-13310000
In base 14, what is -3777 - -1?
-3776
In base 13, what is 85 + -94?
-c
In base 6, what is 25214 + -3?
25211
In base 12, what is b + b4b?
b5a
In base 8, what is -1541 - -232?
-1307
In base 7, what is 4205223 + 11?
4205234
In base 13, what is 5 + 53466?
5346b
In base 2, what is -100100110001101 - 1?
-100100110001110
In base 9, what is -25 + -187415?
-187441
In base 10, what is 3 - 305652?
-305649
In base 2, what is -10001001111100110 - -1000?
-10001001111011110
In base 6, what is 5103 + -105?
4554
In base 4, what is -1023223130 + 2?
-1023223122
In base 11, what is -a - -407?
3a8
In base 10, what is -5 - 8161?
-8166
In base 4, what is 2 + -2213031?
-2213023
In base 10, what is -318 - 976?
-1294
In base 6, what is -2255553 - -1?
-2255552
In base 12, what is 66 - ba94?
-ba2a
In base 8, what is 117 - -27263?
27402
In base 16, what is -34b + -f?
-35a
In base 14, what is -c7da - 4?
-c800
In base 6, what is -4 - -10400?
10352
In base 10, what is -2903 - -71?
-2832
In base 10, what is 24812 + 0?
24812
In base 16, what is -1e7d + 2?
-1e7b
In base 8, what is -76 - 114115?
-114213
In base 15, what is -3624 + 1e?
-3605
In base 3, what is -101121122 - 2222?
-101201121
In base 4, what is -2210 + -120330?
-123200
In base 10, what is 200834 + 0?
200834
In base 7, what is -5 - 10550102?
-10550110
In base 12, what is 2 - 222?
-220
In base 2, what is -10000111 + 111111011001000?
111111001000001
In base 4, what is -12233 + 12?
-12221
In base 3, what is 21211 + -102122?
-10211
In base 4, what is 233323 + -22321?
211002
In base 15, what is 982 - -3?
985
In base 7, what is -2 - -10151213?
10151211
In base 8, what is 15225 + 145?
15372
In base 11, what is -2 + -65a32?
-65a34
In base 5, what is -20223 - 3410?
-24133
In base 9, what is -173351 + 6?
-173344
In base 7, what is 36515512 - -4?
36515516
In base 3, what is 11012111200 + -11?
11012111112
In base 9, what is -223773 + 6?
-223766
In base 2, what is -101001000 + 1000001101001?
111100100001
In base 13, what is -7965c + 4?
-79658
In base 3, what is 112 + -2112212?
-2112100
In base 7, what is 2404 - -43?
2450
In base 11, what is 64 + -a08?
-954
In base 13, what is 1970c + -25?
196b7
In base 9, what is -187075 - 27?
-187113
In base 7, what is -22403034 + -1?
-22403035
In base 7, what is -155243 - 4?
-155250
In base 12, what is 1a2 + -2a5?
-103
In base 8, what is -4 + 65410?
65404
In base 9, what is -2 + -56508?
-56511
In base 11, what is -994327 - -2?
-994325
In base 12, what is 387 + -1159?
-992
In base 9, what is 25 - -586?
622
In base 3, what is 1122 + 2111?
11010
In base 10, what is 213 + -151?
62
In base 12, what is 3 + -25a15?
-25a12
In base 16, what is 0 + 19eec?
19eec
In base 12, what is 303 + -1aa?
115
In base 16, what is 0 + 52f09?
52f09
In base 5, what is 1444 + 1310?
3304
In base 8, what is -60 + 2614?
2534
In base 6, what is 153032 + 413?
153445
In base 14, what is -c - -d6d?
d61
In base 4, what is 202013 + -3?
202010
In base 9, what is 45 - 1504?
-1448
In base 2, what is -1010001100011 - -1111110?
-1001111100101
In base 7, what is 14 + -12101?
-12054
In base 12, what is -a24 - 1?
-a25
In base 7, what is -542552 + -3?
-542555
In base 15, what is 1 - -27b3a?
27b3b
In base 7, what is 1610 - -461?
2401
In base 5, what is -22 - 130413?
-130440
In base 6, what is -1220245 - 1?
-1220250
In base 12, what is -3 + -44b476?
-44b479
In base 13, what is -ba1 + 30?
-b71
In base 12, what is -1969 - -31?
-1938
In base 2, what is 10001001110110001111 + 1?
10001001110110010000
In base 6, what is 2233 + 203?
2440
In base 2, what is -10100100 + -111001100?
-1001110000
In base 5, what is -343 - -4102?
3204
In base 10, what is 2 + 118770?
118772
In base 16, what is -95c - -48b?
-4d1
In base 2, what is -100010011100100 - 101101?
-100010100010001
In base 12, what is 32 + -9064?
-9032
In base 8, what is -3 + -654333?
-654336
In base 5, what is -103414040 + -2?
-103414042
In base 2, what is -1111001000 + 11101?
-1110101011
In base 4, what is 10223 + -22101?
-11212
In base 16, what is -25 - -45f?
43a
In base 3, what is 1 + 2201200210?
2201200211
In base 16, what is -cc7 + -7?
-cce
In base 5, what is 13424413 + 3?
13424421
In base 8, what is -3 - 54306?
-54311
In base 8, what is 76416 - 27?
76367
In base 11, what is 7050586 - -4?
705058a
In base 2, what is 11010111 - -11010100101?
11101111100
In base 7, what is -6 - 234526?
-234535
In base 14, what is 24934 + 2?
24936
In base 2, what is -11101111011 - -101100010000?
1110010101
In base 8, what is -1614 - -23?
-1571
In base 14, what is 70c0 + 155?
7235
In base 14, what is 14a3 - -2?
14a5
In base 3, what is -10202 + 221111?
210202
In base 10, what is 4 + 5384?
5388
In base 9, what is -81383 - 1?
-81384
In base 4, what is -320 - -13221?
12301
In base 11, what is -1 - 257a98?
-257a99
In base 10, what is 28 + -27865?
-27837
In base 10, what is -1 - 229587?
-229588
In base 11, what is -110 + -256?
-366
In base 15, what is -a56 + 2db?
-76a
In base 7, what is -1 + -35663?
-35664
In base 8, what is -125441 - 23?
-125464
In base 15, what is -17393 + d?
-17385
In base 8, what is -60413 - -5?